 is p(0)?
2
Let t(k) = 7*k**2 - 4664*k + 4663. Give t(1).
6
Let q(f) = -f**2 - 178*f - 7621. Determine q(-101).
156
Let y(g) = -2792*g + 170293. Determine y(61).
-19
Let c(b) = 547*b - 19056. Give c(34).
-458
Let u(s) = -206*s**3 + 19567*s**2 + 133*s + 14442. Give u(95).
2
Let y(v) = -73*v**2 + 471*v - 210. Calculate y(5).
320
Let l(f) = 40*f**2 + 478*f + 26. Calculate l(-11).
-392
Let z(a) = -37*a**3 - 519*a**2 - 32*a - 12. Give z(-14).
240
Let d(w) = -30669*w - 245440. Determine d(-8).
-88
Let s(d) = 52804*d - 580841. Determine s(11).
3
Let h(i) = -i**2 + 345*i - 8252. Calculate h(27).
334
Let n(y) = 19*y**2 + 76*y - 100. Give n(2).
128
Let r(l) = l**3 - 67*l**2 + 287*l - 5616. Give r(64).
464
Let m(h) = 2*h**3 + 66*h**2 + 133*h + 269. Calculate m(-31).
-10
Let c(r) = 103*r + 1649. Calculate c(-4).
1237
Let w(g) = 2*g**2 - 38*g + 9. Determine w(23).
193
Let o(n) = -258*n - 2210. Give o(-5).
-920
Let d(l) = l**3 - 82*l**2 - 1173*l - 37. Give d(-12).
503
Let t(k) = -7*k**2 - 1824*k - 2887. Determine t(-259).
-38
Let u(r) = -656701*r - 19701052. What is u(-30)?
-22
Let j(y) = 3*y**2 - 275*y + 522. Calculate j(2).
-16
Let w(i) = -10622*i - 276155. Give w(-26).
17
Let s(q) = q**3 - 33*q**2 + 211*q - 182. Determine s(7).
21
Let m(i) = -23*i**3 - 144*i**2 - 31*i - 70. What is m(-6)?
-100
Let a(s) = 24*s**2 + 1010*s + 619. Give a(-42).
535
Let w(m) = m**3 + 47*m**2 - 1764*m - 82366. Give w(-48).
2
Let r(h) = 2*h**2 + 118139*h + 708759. Determine r(-6).
-3
Let r(w) = -29*w**2 + 8845*w - 30. What is r(305)?
-30
Let h(d) = 19949*d - 797978. What is h(40)?
-18
Let d(f) = -682*f - 30360. Calculate d(-44).
-352
Let p(c) = -4*c**3 - 14*c**2 - 129*c + 63. What is p(0)?
63
Let h(b) = b**3 - 110*b**2 + 754*b + 15653. Give h(101).
-2
Let l(c) = c**2 + 4825*c - 24176. Determine l(5).
-26
Let v(y) = -25212*y - 1361389. Calculate v(-54).
59
Let r(s) = 1071*s + 171524. Give r(-160).
164
Let x(w) = -7*w**2 - 345*w - 368. Calculate x(-50).
-618
Let d(w) = -w**3 - 7*w**2 - 1381*w - 5436. What is d(-4)?
40
Let k(v) = -v**2 + 17037*v - 170260. Determine k(10).
10
Let c(a) = 10*a**2 - 220382*a + 661149. Determine c(3).
93
Let p(c) = -1873*c + 674190. Determine p(360).
-90
Let v(f) = -28*f - 1323. What is v(-42)?
-147
Let w(n) = -264*n + 2655. Calculate w(12).
-513
Let t(v) = 11134*v - 1380601. Give t(124).
15
Let a(g) = -99*g + 6778. Determine a(89).
-2033
Let j(o) = -1168*o - 119137. Determine j(-102).
-1
Let m(h) = -552*h + 7453. Calculate m(13).
277
Let j(s) = 27491*s - 3766282. What is j(137)?
-15
Let p(f) = -59*f**2 + 16378*f - 9662. Give p(277).
33
Let b(n) = 36*n**3 - 325*n**2 + 5*n + 30. What is b(9)?
-6
Let p(d) = 1073*d - 128757. Determine p(120).
3
Let z(y) = 2*y**3 + 60*y**2 + 89*y - 748. What is z(-28)?
-104
Let d(w) = -w**3 - 248*w**2 - 223*w + 125447. Determine d(-245).
7
Let x(j) = -21934*j - 24083550. Determine x(-1098).
-18
Let y(r) = -36*r**2 + 8613*r - 19203. Determine y(237).
-6
Let l(h) = 19*h - 8502. Determine l(439).
-161
Let d(y) = -232*y**3 - 74*y**2 - 152*y + 3. Give d(-2).
1867
Let m(a) = 12*a**2 - 610*a + 4500. Calculate m(42).
48
Let r(o) = -393*o + 13736. Give r(45).
-3949
Let z(g) = 8*g**2 + 4631*g + 341947. Give z(-492).
7
Let x(m) = -m**2 - 612*m - 24340. Determine x(-43).
127
Let z(c) = 42742*c + 10087115. Determine z(-236).
3
Let i(g) = -g**3 + 3*g**2 - 19*g - 1331. Give i(0).
-1331
Let i(y) = 17*y**2 - 750*y + 9039. Determine i(12).
2487
Let a(w) = 1465*w + 108030. Give a(-74).
-380
Let q(i) = 3960*i + 75234. Determine q(-19).
-6
Let h(x) = 160*x**2 + 13289*x + 731. Calculate h(-83).
-16
Let w(h) = 2*h**3 - 192*h**2 - 183*h - 318. Give w(97).
749
Let p(i) = -i**3 - 218*i**2 + 4962*i + 1191. Determine p(21).
-6
Let k(a) = -5*a**3 + 78*a**2 - 45*a + 242. What is k(15)?
242
Let c(m) = 46*m**3 - 28*m**2 - 12*m - 3. Calculate c(2).
229
Let n(s) = -2*s**3 - 15*s**2 - 1533*s - 13986. What is n(-9)?
54
Let m(u) = -3*u**3 + 46*u**2 + 344*u - 342. Calculate m(-7).
533
Let d(j) = -j**3 + 71*j**2 + 78*j - 5507. Determine d(71).
31
Let n(d) = 43925*d**2 + 527101*d + 19. Calculate n(-12).
7
Let r(c) = -11*c**3 + 143*c**2 + 7670*c - 99768. Give r(13).
-58
Let l(o) = 4*o**3 - 12348*o**2 - 12343*o + 7. Determine l(-1).
-2
Let r(p) = 2*p**2 + 844*p + 17321. Determine r(-21).
479
Let v(a) = 13100*a + 131468. What is v(-10)?
468
Let a(x) = -703*x**2 + 20392*x + 119. Calculate a(29).
264
Let r(n) = 12451*n + 28139252. Determine r(-2260).
-8
Let y(l) = -2561*l + 153665. Calculate y(60).
5
Let d(h) = -5*h**2 - 733*h - 1155. Give d(-145).
5
Let o(t) = -t**2 - 144*t - 967. What is o(-135)?
248
Let y(j) = -369*j**2 + 3973*j + 909. What is y(11)?
-37
Let h(p) = -5*p**3 + 227*p**2 - 98*p + 113. Determine h(45).
-247
Let w(c) = 30*c**2 - 374*c + 1310. Determine w(5).
190
Let i(j) = 284*j**2 - 1097*j - 132. Calculate i(4).
24
Let m(o) = 25*o**2 + 629*o - 2811. Determine m(-29).
-27
Let p(w) = 3*w**3 - 1699*w**2 - 5078*w + 47. Determine p(-3).
-91
Let n(m) = -6*m**2 + 158*m + 169. Determine n(-5).
-771
Let l(x) = -862*x + 27815. Calculate l(32).
231
Let l(m) = -9*m**2 + 2293*m - 29882. What is l(241)?
2
Let k(z) = 68*z**2 - 9177*z + 192. What is k(135)?
597
Let c(i) = -2504*i - 4992. What is c(-2)?
16
Let l(c) = 9*c**2 - 120*c - 273. Determine l(-2).
3
Let m(g) = -1041*g - 9698. Give m(-9).
-329
Let f(w) = 4*w**3 + 58*w**2 + 69*w + 220. Give f(-13).
337
Let u(t) = -4989*t + 937899. What is u(188)?
-33
Let q(h) = h**3 + 435*h**2 - 83*h - 36132. Determine q(-435).
-27
Let o(r) = -94*r**3 - 2347*r**2 + 32*r - 47. What is o(-25)?
1028
Let o(n) = 39*n**3 + 5*n**2 - 114*n + 208. What is o(2)?
312
Let f(r) = -131*r**2 - 1287*r + 15991. Determine f(-17).
11
Let a(l) = -l**3 - 34*l**2 + 270*l + 9211. What is a(-34)?
31
Let j(u) = 3*u**3 + 19*u**2 + 117*u + 614. What is j(-6)?
-52
Let b(t) = -3*t**2 + 787*t - 15435. Calculate b(241).
-11
Let b(u) = -771189*u - 5398327. Calculate b(-7).
-4
Let d(h) = 1010*h + 198903. Determine d(-197).
-67
Let l(b) = -b**3 + 15*b**2 + 54*b + 140. Calculate l(11).
1218
Let z(x) = -2*x**2 - 46*x - 28. Give z(-26).
-184
Let c(g) = 2*g**3 + 8*g**2 + 534*g + 2714. Determine c(-5).
-6
Let q(k) = -46*k**2 + 9580*k + 19164. Give q(-2).
-180
Let j(m) = 52685*m - 210714. Give j(4).
26
Let r(d) = -35318*d - 3143300. Calculate r(-89).
2
Let t(y) = -52510*y + 3623183. Determine t(69).
-7
Let x(c) = 900*c + 11803. Determine x(-13).
103
Let h(k) = -4*k**3 - 820*k**2 - 55*k - 11271. Calculate h(-205).
4
Let z(f) = -242*f**2 - 1826*f + 4. What is z(-8)?
-876
Let t(g) = -g**2 - 24*g + 1222. Calculate t(19).
405
Let p(v) = v**3 - 54*v**2 - 31*v + 9404. Give p(51).
20
Let d(a) = 6*a**2 - 456*a + 4651. Determine d(66).
691
Let m(d) = d**3 - 46*d**2 - 600*d + 31311. What is m(43)?
-36
Let d(r) = r**3 + 8*r**2 + 204*r + 955. Give d(-5).
10
Let v(b) = 2*b**3 - 267*b**2 - 1820*b - 259. Give v(140).
-259
Let j(l) = 3*l**3 + 14*l**2 + 97*l - 20. What is j(-7)?
-1042
Let u(k) = -53651*k + 697364. Give u(13).
-99
Let y(m) = 23*m**2 - 411*m - 1084. Give y(20).
-104
Let j(i) = 392*i + 1601. Give j(-4).
33
Let m(k) = 2*k**3 - 23*k**2 - 43*k - 28. Determine m(12).
-400
Let y(q) = q**3 - 726*q**2 + 1200*q + 700589. Determine y(723).
2
Let y(i) = 976392*i - 3905558. Calculate y(4).
10
Let p(i) = -i**2 + 5383*i - 37680. Calculate p(7).
-48
Let k(m) = 5992389*m - 35954347. Calculate k(6).
-13
Let r(i) = -42225*i - 717831. Give r(-17).
-6
Let c(d) = -36*d - 1485. Give c(-40).
-45
Let b(l) = -6403*l + 108937. Determine b(17).
86
Let o(m) = -m**3 + 39*m**2 + 1428*m - 119. Give o(62).
5
Let y(v) = -2*v**3 + 43*v**2 + 35*v - 26. What is y(3)?
412
Let b(t) = -2*t**2 - 44866*t - 179445. What is b(-4)?
-13
Let p(b) = b**3 - 65*b**2 + 2617*b - 199623. Determine p(69).
-6
Let s(f) = 55*f**2 + 2513*f - 6123. Determine s(-48).
-27
Let r(q) = q**2 - 30132*q + 481800. Calculate r(16).
-56
Let w(g) = -335*g**2 - 70*g + 67. Determine w(1).
-338
Let b(d) = 2*d**2 - 3816*d - 260563. Determine b(-66).
5
Let z(a) = -a**2 - 762826*a + 3051310. What is z(4)?
-10
Let x(o) = -3*o**3 - 82*o**2 + 53*o - 44. Determine x(-28).
40
Let y(h) = 195*h - 29851. Determine y(157).
764
Let u(a) = 10*a**2 + 147*a - 376. What is u(-17)?
15
Let y(q) = -10*q**3 - 140*q**2 - 349*q - 212. What is y(-2)?
6
Let k(l) 